e
Does 8 divide 50468279?
False
Is 1339 a factor of 24969672?
True
Is 218809620 a multiple of 90?
True
Is 2445 a factor of 35707995?
False
Does 693 divide 5259177?
True
Does 164 divide 16335371?
False
Is 41790564 a multiple of 18?
True
Is 18149637 a multiple of 33?
True
Does 68 divide 3842062016?
True
Is 1999450221 a multiple of 1041?
False
Does 843 divide 303965543?
False
Is 771 a factor of 3089154?
False
Is 2 a factor of 36444220?
True
Is 376 a factor of 16027000?
True
Is 3028 a factor of 121174504?
True
Is 483883948 a multiple of 746?
True
Is 104 a factor of 100093606?
False
Does 5 divide 146418054?
False
Is 538 a factor of 25897168?
True
Is 7718303 a multiple of 111?
False
Does 398 divide 11222582?
False
Is 81 a factor of 507951?
True
Is 110849627 a multiple of 161?
True
Is 56 a factor of 368991092?
False
Does 1192 divide 142992421?
False
Does 1752 divide 551431488?
True
Is 7965180 a multiple of 4?
True
Is 1030956840 a multiple of 8?
True
Is 13 a factor of 16453710?
True
Is 216824355 a multiple of 117?
False
Does 686 divide 357084960?
False
Is 30590158 a multiple of 3?
False
Does 16 divide 249539648?
True
Is 4286 a factor of 3815632229?
False
Is 36895650 a multiple of 1298?
True
Is 2142 a factor of 27137128?
False
Is 2 a factor of 185908165?
False
Is 1043 a factor of 1699073075?
True
Is 32328512 a multiple of 765?
False
Is 235 a factor of 51570890?
False
Is 14 a factor of 291791302?
False
Is 207371752 a multiple of 13?
False
Does 4249 divide 1372520478?
True
Does 436 divide 3424809212?
True
Is 390138355 a multiple of 11?
False
Is 5714 a factor of 107757837?
False
Is 39806280 a multiple of 20?
True
Is 463348506 a multiple of 71?
False
Does 46 divide 75191841?
False
Is 143273815 a multiple of 219?
False
Is 5 a factor of 324428?
False
Is 29 a factor of 2852714?
False
Is 125093500 a multiple of 2060?
True
Does 958 divide 1193600940?
True
Is 6681 a factor of 326133015?
True
Is 48 a factor of 77507280?
True
Does 31 divide 2647187256?
False
Is 602 a factor of 117172076?
True
Is 11341425 a multiple of 335?
True
Is 1359043245 a multiple of 189?
True
Is 415786923 a multiple of 249?
True
Does 1843 divide 2614233?
False
Does 143 divide 24891295?
True
Does 6 divide 161360994?
True
Does 26 divide 868075234?
True
Does 1123 divide 25546107?
False
Is 34 a factor of 13086724?
False
Does 2824 divide 83881272?
True
Is 395602412 a multiple of 1944?
False
Does 926 divide 697164102?
True
Is 287819622 a multiple of 54?
True
Is 3021 a factor of 190957410?
True
Does 1138 divide 2169592967?
False
Does 451 divide 177229599?
False
Is 3 a factor of 1042310?
False
Is 58802187 a multiple of 9?
False
Does 2044 divide 96415480?
True
Is 4604789287 a multiple of 63?
False
Is 14 a factor of 453809174?
True
Is 1604821486 a multiple of 2351?
False
Does 151 divide 137952575?
False
Is 4455495 a multiple of 5?
True
Is 116 a factor of 12157032?
True
Does 1213 divide 24505318?
False
Is 8557326 a multiple of 2122?
False
Is 5354595 a multiple of 2?
False
Is 434336584 a multiple of 7864?
True
Does 37 divide 167253838?
True
Is 18551372 a multiple of 14?
True
Is 2944239936 a multiple of 9446?
False
Is 20918714 a multiple of 409?
True
Is 170 a factor of 170483990?
True
Is 35014096 a multiple of 184?
True
Is 1965 a factor of 37173870?
True
Does 206 divide 16425822?
True
Is 601 a factor of 366461553?
True
Is 205 a factor of 6808479?
False
Does 350 divide 1130500?
True
Is 2491029949 a multiple of 167?
True
Is 26 a factor of 40899768?
True
Is 12437797 a multiple of 9?
False
Is 95604775 a multiple of 175?
True
Does 19 divide 75111313?
True
Does 59 divide 104214228?
False
Is 1799054472 a multiple of 2058?
False
Is 162 a factor of 10173873?
False
Is 455462700 a multiple of 761?
False
Is 12819613 a multiple of 342?
False
Does 8 divide 10703560?
True
Is 23 a factor of 24435119?
False
Is 9746593 a multiple of 262?
False
Is 219252410 a multiple of 1090?
True
Does 16 divide 736435143?
False
Is 4596879648 a multiple of 16?
True
Is 227 a factor of 499685339?
True
Is 129885 a multiple of 105?
True
Is 29 a factor of 58087515?
False
Is 551 a factor of 1781464627?
False
Does 68 divide 947854?
False
Is 771 a factor of 69394689?
False
Does 1155 divide 25740424?
False
Is 2728 a factor of 1035911219?
False
Is 28 a factor of 148730254?
False
Does 107 divide 73062297?
False
Does 2606 divide 1418198230?
True
Is 1806624 a multiple of 216?
True
Is 9075574 a multiple of 9?
False
Is 18263868 a multiple of 793?
False
Is 31 a factor of 17771463?
True
Is 40052708 a multiple of 24?
False
Is 16 a factor of 3740739744?
True
Is 2171 a factor of 245779684?
False
Is 2776548 a multiple of 9?
False
Is 33 a factor of 1202525?
False
Is 1099 a factor of 816279173?
False
Is 2452488 a multiple of 136?
True
Is 16 a factor of 130027616?
True
Does 2 divide 12976886?
True
Is 1622167318 a multiple of 31?
True
Does 836 divide 93374856?
False
Does 176 divide 43164528?
True
Does 30 divide 35610000?
True
Is 103 a factor of 1196177110?
True
Does 103 divide 359071287?
True
Does 18 divide 16572294?
True
Is 10 a factor of 8086294?
False
Is 3592 a factor of 1100853076?
False
Is 378 a factor of 1942164?
True
Does 20 divide 53567205?
False
Is 166 a factor of 28198088?
True
Does 122 divide 758526582?
True
Is 188177431 a multiple of 13?
True
Does 163 divide 251892213?
True
Is 701041250 a multiple of 125?
True
Is 57 a factor of 11677590?
True
Is 635 a factor of 146427190?
True
Is 420 a factor of 49693140?
True
Is 4136218586 a multiple of 37?
False
Does 649 divide 496033124?
False
Is 4318068430 a multiple of 434?
False
Is 2 a factor of 5571950?
True
Is 26179631 a multiple of 88?
False
Is 78 a factor of 1402630008?
True
Does 453 divide 121328349?
True
Is 47686264 a multiple of 546?
False
Is 419039 a multiple of 179?
True
Does 60 divide 1026431880?
True
Is 619 a factor of 33612938?
True
Does 94 divide 548954982?
False
Is 2373 a factor of 1589492352?
True
Is 81127145 a multiple of 585?
False
Does 14 divide 143551322?
False
Is 9709984 a multiple of 32?
True
Is 2107 a factor of 305620350?
True
Is 332 a factor of 137990014?
False
Is 28503810 a multiple of 145?
True
Does 28 divide 3474972144?
True
Is 24 a factor of 295755480?
True
Does 261 divide 8858079?
True
Is 1321 a factor of 434947176?
True
Does 13 divide 23291060?
True
Does 168 divide 701535240?
True
Does 312 divide 1185700464?
True
Is 4 a factor of 3602383?
False
Does 113 divide 78988243?
True
Is 3 a factor of 15700755?
True
Does 65 divide 1268685470?
True
Does 10 divide 52898931?
False
Is 25 a factor of 61162975?
True
Is 14 a factor of 2841874?
True
Does 5 divide 1357578089?
False
Does 7 divide 36172157?
True
Does 561 divide 1255155033?
True
Is 77 a factor of 723347373?
False
Does 102 divide 356524476?
True
Is 9 a factor of 1607534910?
True
Does 779 divide 55356519?
True
Is 307629089 a multiple of 239?
True
Is 181931200 a multiple of 1760?
True
Is 3279 a factor of 322365048?
True
Does 23 divide 34932854?
False
Is 3 a factor of 40241673?
True
Is 703 a factor of 1649238?
True
Does 22 divide 4267350?
False
Does 12 divide 650581967?
False
Is 29907089 a multiple of 1039?
False
Is 278 a factor of 2012493986?
True
Does 35 divide 48537160?
True
Is 4716 a factor of 67691683?
False
Does 18 divide 417628332?
True
Is 2451 a factor of 130164241?
False
Does 506 divide 2240524?
False
Does 58 divide 1946169706?
False
Does 8 divide 32392984?
True
Is 38 a factor of 216043860?
False
Does 8 divide 384992056?
True
Does 18 divide 77229270?
True
Does 97 divide 49060179?
False
Does 4126 divide 782535991?
False
Does 970 divide 19891785?
False
Is 1150916823 a multiple of 529?
False
Does 47 divide 240663312?
True
Is 326708480 a multiple of 257?
False
Is 1967636660 a multiple of 3509?
True
Is 47 a factor of 54065369?
True
Does 3276 divide 163278103?
False
Does 14 divide 23619904?
True
Does 1453 divide 7973042?
False
Is 17 a factor of 126751?
False
Does 4779 divide 318742982?
False
Does 11 divide 170473919?
True
Does 19 divide 1025545734?
False
Is 196988697 a multiple of 1694?
False
Does 299 divide 53225508?
False
Is 3429640885 a multiple of 6857?
False
Is 742 a factor of 18999652?
True
Is 1698 a factor of 1019686356?
True
Is 2429 a factor of 28703277?
False
Is 54430167 a multiple of 759?
True
Is 5409 a factor of 67646803?
F